and 16496440.
8
What is the highest common factor of 2546697 and 419661?
471
Calculate the highest common factor of 24236 and 13606178.
146
What is the greatest common factor of 322471 and 51322?
67
What is the highest common divisor of 493580 and 552740?
580
Calculate the greatest common divisor of 158574 and 152126.
26
What is the highest common divisor of 157872 and 523952?
2288
Calculate the greatest common divisor of 196489562 and 64488.
5374
What is the greatest common factor of 16198 and 448994?
182
What is the highest common factor of 56259 and 624771?
2961
What is the greatest common factor of 72 and 67744098?
18
What is the greatest common divisor of 10 and 46266590?
10
Calculate the highest common factor of 470 and 30270.
10
Calculate the highest common divisor of 108051696 and 1584.
144
Calculate the greatest common factor of 3254076 and 44548.
1036
What is the highest common divisor of 4218 and 87792046?
1406
Calculate the greatest common divisor of 1393 and 7038431.
199
What is the greatest common divisor of 48673365 and 195?
195
What is the greatest common factor of 2169 and 28179648?
2169
What is the highest common divisor of 3795 and 101765?
5
What is the greatest common factor of 6396 and 51868362?
3198
Calculate the greatest common divisor of 282 and 59381586.
282
Calculate the greatest common factor of 61 and 94459537.
61
What is the highest common factor of 221642128 and 12528?
464
Calculate the greatest common divisor of 9961724 and 1548.
172
Calculate the greatest common factor of 56695782 and 33150.
1326
What is the highest common divisor of 713 and 262453?
23
What is the highest common factor of 6180 and 133460?
20
Calculate the greatest common divisor of 47364 and 28392.
12
Calculate the greatest common factor of 7461743 and 1198.
599
What is the greatest common divisor of 1357 and 205261?
59
Calculate the greatest common divisor of 413007 and 128226.
1491
What is the highest common divisor of 1369 and 149961?
37
What is the highest common divisor of 72877952 and 998?
998
Calculate the highest common factor of 122 and 255719076.
122
What is the highest common factor of 3340 and 26699626?
334
What is the greatest common factor of 663 and 96661371?
51
Calculate the greatest common divisor of 21390 and 1796415.
345
What is the highest common factor of 44 and 29806414?
22
Calculate the highest common divisor of 1405388070 and 6462.
6462
What is the greatest common factor of 567336 and 84?
84
What is the highest common divisor of 509607 and 4293?
9
What is the highest common divisor of 41697723 and 9?
3
What is the greatest common factor of 24 and 122805576?
24
Calculate the highest common factor of 4753 and 1257011651.
4753
Calculate the highest common factor of 1156148 and 683578.
2198
What is the greatest common divisor of 5742294 and 6498?
114
Calculate the greatest common factor of 42905729 and 2841.
947
What is the greatest common factor of 1400 and 80378200?
1400
Calculate the greatest common factor of 18492 and 1552.
4
Calculate the highest common factor of 540 and 51955065.
45
What is the highest common divisor of 161248 and 6688?
32
Calculate the highest common divisor of 4278192 and 68400.
912
Calculate the greatest common factor of 232 and 45379184.
8
Calculate the greatest common divisor of 32809700 and 623700.
7700
Calculate the greatest common divisor of 2592555 and 1785.
105
Calculate the highest common factor of 110423 and 6923.
23
What is the highest common divisor of 4987726 and 1098?
122
Calculate the highest common factor of 22688 and 12688.
16
What is the highest common divisor of 1056588 and 1326?
78
What is the highest common factor of 105392 and 16408217?
6587
Calculate the highest common divisor of 14014 and 1069891823.
7007
What is the greatest common factor of 39 and 56282616?
39
What is the greatest common divisor of 166039 and 9333?
17
What is the highest common divisor of 1523939 and 3?
1
What is the greatest common divisor of 38984528 and 1232?
176
Calculate the greatest common divisor of 222 and 30748628.
74
Calculate the greatest common factor of 17595 and 1786479.
1173
What is the highest common divisor of 2444 and 2744690?
26
Calculate the greatest common factor of 1974 and 1291701.
141
Calculate the greatest common divisor of 1050712 and 156.
52
What is the highest common factor of 31691130 and 30?
30
What is the greatest common divisor of 92 and 399166357?
23
Calculate the highest common factor of 5539551 and 242268.
4659
Calculate the highest common factor of 395382735 and 1215.
135
What is the highest common divisor of 7104999 and 1702?
851
Calculate the highest common divisor of 1509974 and 12974.
998
What is the greatest common factor of 97086262 and 273?
91
What is the greatest common factor of 45880 and 271580?
740
Calculate the greatest common divisor of 1034433344 and 448.
448
Calculate the greatest common divisor of 9254337 and 3954.
1977
Calculate the highest common divisor of 88259409 and 876.
219
Calculate the highest common factor of 1204104 and 54.
6
Calculate the highest common divisor of 1684 and 61568303.
421
What is the greatest common factor of 3510 and 393510?
390
Calculate the greatest common factor of 129226 and 3472.
2
What is the highest common factor of 14 and 2040829?
7
What is the greatest common divisor of 30 and 614140?
10
What is the highest common divisor of 441 and 5503288?
49
What is the greatest common factor of 3416044 and 771?
257
Calculate the highest common divisor of 37812842 and 9655.
1931
What is the highest common divisor of 26401357 and 94163?
3247
What is the greatest common divisor of 1700 and 27034400?
100
What is the greatest common divisor of 20765558 and 11187?
1243
Calculate the greatest common factor of 18 and 6219459.
9
Calculate the greatest common divisor of 698641364 and 1644.
548
Calculate the highest common divisor of 504223862 and 722.
722
What is the greatest common factor of 510539 and 4859?
43
Calculate the greatest common divisor of 10297858 and 1076.
538
Calculate the highest common factor of 5970877 and 298.
149
What is the greatest common factor of 17 and 395643686?
17
What is the greatest common factor of 64899 and 693?
9
Calculate the highest common divisor of 472842 and 3610180.
482
What is the greatest common factor of 1197 and 5006610?
63
What is the greatest common divisor of 62271 and 1289331?
153
What is the highest common divisor of 2087 and 31981?
1
What is the greatest common divisor of 26745 and 611445?
15
What is the greatest common divisor of 5627054 and 2102?
2102
What is the greatest common divisor of 12563061 and 1218?
609
Calculate the highest common factor of 2138829 and 5569641.
10857
What is the greatest common divisor of 316172894 and 602?
86
Calculate the highest common divisor of 111896 and 12076.
4
Calculate the highest common factor of 31602214 and 42.
14
What is the greatest common factor of 2409015 and 700?
35
Calculate the highest common divisor of 67609 and 3164380.
697
Calculate the highest common factor of 2119485 and 9.
3
Calculate the highest common divisor of 7941279 and 16330.
1633
Calculate the greatest common divisor of 4005656 and 248.
8
What is the highest common factor of 42485485 and 445?
445
Calculate the highest common divisor of 210102 and 1553022.
2166
Calculate the highest common divisor of 21208080 and 79734.
582
What is the greatest common factor of 129576 and 55512?
24
Calculate the greatest common divisor of 4770490 and 710.
710
Calculate the greatest common factor of 11142 and 6731625.
1857
What is the greatest common factor of 28813415 and 155?
155
What is the greatest common divisor of 2168 and 162871?
271
What is the highest common divisor of 301063850 and 5300?
2650
What is the highest common factor of 164980635 and 44055?
1335
Calculate the highest common factor of 40851659 and 177.
59
Calculate the greatest common divisor of 33456 and 1751561.
697
Calculate the highest common factor of 87445215 and 508.
127
What is the greatest common divisor of 164985455 and 38?
19
What is the highest common divisor of 1158276 and 7028?
28
What is the highest common factor of 283155980 and 3940?
3940
What is the highest common factor of 1992224 and 68?
4
What is the highest c